, 1264259
What are the prime factors of 15034093?
29, 518417
What are the prime factors of 231100?
2, 5, 2311
What are the prime factors of 1186660?
2, 5, 59333
What are the prime factors of 2683781?
2683781
List the prime factors of 450611.
7, 64373
What are the prime factors of 5732955?
3, 5, 127399
What are the prime factors of 372571?
19, 19609
List the prime factors of 11972301.
3, 11, 17, 21341
What are the prime factors of 26751?
3, 37, 241
List the prime factors of 32719400.
2, 5, 7, 23371
List the prime factors of 12816.
2, 3, 89
What are the prime factors of 4239188?
2, 17, 31, 2011
What are the prime factors of 195279?
3, 7, 17, 547
List the prime factors of 1889676.
2, 3, 17497
What are the prime factors of 15308018?
2, 11, 23, 30253
List the prime factors of 14341508.
2, 113, 31729
List the prime factors of 843732.
2, 3, 23, 1019
What are the prime factors of 438805?
5, 19, 31, 149
List the prime factors of 3514758.
2, 3, 13, 45061
List the prime factors of 23086954.
2, 11, 149, 7043
What are the prime factors of 687150?
2, 3, 5, 509
List the prime factors of 149746.
2, 74873
What are the prime factors of 359572?
2, 241, 373
What are the prime factors of 1191608?
2, 11, 1231
List the prime factors of 1183062.
2, 3, 269, 733
List the prime factors of 9302637.
3, 751, 4129
What are the prime factors of 328732?
2, 82183
What are the prime factors of 1402275?
3, 5, 7, 2671
What are the prime factors of 574883?
19, 79, 383
What are the prime factors of 528114?
2, 3, 88019
What are the prime factors of 248388?
2, 3, 7, 2957
List the prime factors of 6290861.
31, 202931
What are the prime factors of 309726?
2, 3, 17207
What are the prime factors of 3763825?
5, 13, 37, 313
List the prime factors of 120048.
2, 3, 41, 61
List the prime factors of 205302.
2, 3, 34217
What are the prime factors of 585115?
5, 117023
What are the prime factors of 1143839?
47, 24337
List the prime factors of 320694.
2, 3, 11, 43, 113
List the prime factors of 29009048.
2, 19, 29, 6581
List the prime factors of 505048.
2, 63131
What are the prime factors of 15811157?
2531, 6247
List the prime factors of 5578895.
5, 7, 3253
List the prime factors of 72095.
5, 14419
What are the prime factors of 853815?
3, 5, 56921
List the prime factors of 4357232.
2, 11, 19, 1303
List the prime factors of 4970763.
3, 7, 78901
What are the prime factors of 29844898?
2, 761, 19609
What are the prime factors of 10557842?
2, 71, 149, 499
What are the prime factors of 1784355?
3, 5, 47, 2531
List the prime factors of 939928.
2, 11, 971
What are the prime factors of 142646?
2, 7, 23, 443
List the prime factors of 114896.
2, 43, 167
What are the prime factors of 10281497?
101, 101797
List the prime factors of 651961.
31, 21031
List the prime factors of 79958.
2, 39979
List the prime factors of 3918671.
23, 347, 491
List the prime factors of 632335.
5, 11, 11497
What are the prime factors of 579302?
2, 163, 1777
What are the prime factors of 859037?
859037
List the prime factors of 497931.
3, 7, 131, 181
List the prime factors of 34495704.
2, 3, 181, 2647
List the prime factors of 3621430.
2, 5, 362143
What are the prime factors of 9228?
2, 3, 769
What are the prime factors of 615933?
3, 68437
List the prime factors of 664873.
11, 60443
List the prime factors of 205089.
3, 137, 499
What are the prime factors of 418346?
2, 209173
What are the prime factors of 13273932?
2, 3, 7, 19, 8317
What are the prime factors of 871639?
871639
What are the prime factors of 3640508?
2, 910127
What are the prime factors of 22445455?
5, 1061, 4231
What are the prime factors of 221665?
5, 43, 1031
What are the prime factors of 1160127?
3, 128903
What are the prime factors of 1856254?
2, 263, 3529
What are the prime factors of 542038?
2, 7, 5531
What are the prime factors of 3440753?
457, 7529
List the prime factors of 2425707.
3, 29947
What are the prime factors of 224383?
17, 67, 197
List the prime factors of 712199.
712199
What are the prime factors of 1686127?
37, 199, 229
What are the prime factors of 4668705?
3, 5, 34583
List the prime factors of 147467.
31, 67, 71
What are the prime factors of 140119?
7, 37, 541
List the prime factors of 10832125.
5, 193, 449
What are the prime factors of 539969?
719, 751
What are the prime factors of 397455?
3, 5, 26497
List the prime factors of 561211.
7, 80173
What are the prime factors of 113139?
3, 13, 967
What are the prime factors of 220776?
2, 3, 9199
What are the prime factors of 10206092?
2, 13, 196271
What are the prime factors of 610932?
2, 3, 7, 1039
What are the prime factors of 3444443?
3444443
What are the prime factors of 1633474?
2, 59, 109, 127
List the prime factors of 14458.
2, 7229
What are the prime factors of 3665320?
2, 5, 43, 2131
What are the prime factors of 1119459?
3, 11, 33923
What are the prime factors of 16198180?
2, 5, 809909
What are the prime factors of 86491?
86491
List the prime factors of 16249250.
2, 5, 64997
List the prime factors of 7551031.
887, 8513
List the prime factors of 2791532.
2, 373, 1871
List the prime factors of 18458824.
2, 79, 29207
What are the prime factors of 13894421?
1949, 7129
List the prime factors of 7854128.
2, 29, 16927
What are the prime factors of 2662569?
3, 7, 13, 3251
What are the prime factors of 685902?
2, 3, 7, 2333
What are the prime factors of 435351?
3, 7, 20731
List the prime factors of 405703.
405703
List the prime factors of 23298.
2, 3, 11, 353
What are the prime factors of 2791269?
3, 13, 23857
What are the prime factors of 333867?
3, 109, 1021
What are the prime factors of 324994?
2, 43, 3779
What are the prime factors of 3469185?
3, 5, 77093
What are the prime factors of 1280558?
2, 640279
What are the prime factors of 1181824?
2, 7, 1319
List the prime factors of 95218.
2, 47609
What are the prime factors of 39528450?
2, 3, 5, 13, 29, 233
List the prime factors of 304408.
2, 13, 2927
What are the prime factors of 2244754?
2, 23, 48799
What are the prime factors of 569613?
3, 11, 41, 421
List the prime factors of 41862.
2, 3, 6977
List the prime factors of 1010753.
1010753
What are the prime factors of 425418?
2, 3, 7, 1447
List the prime factors of 293492.
2, 239, 307
What are the prime factors of 3756347?
7, 536621
List the prime factors of 2348786.
2, 11, 241, 443
What are the prime factors of 5107?
5107
What are the prime factors of 837793?
11, 76163
What are the prime factors of 38759055?
3, 5, 89, 29033
What are the prime factors of 438612?
2, 3, 36551
What are the prime factors of 1761048?
2, 3, 31, 263
List the prime factors of 36487.
11, 31, 107
What are the prime factors of 359234?
2, 53, 3389
List the prime factors of 1359906.
2, 3, 19, 79, 151
What are the prime factors of 138426?
2, 3, 23071
What are the prime factors of 1119559?
7, 159937
List the prime factors of 4009346.
2, 11, 182243
What are the prime factors of 3200496?
2, 3, 13, 23, 223
What are the prime factors of 33632916?
2, 3, 2802743
List the prime factors of 2199161.
607, 3623
List the prime factors of 139849.
107, 1307
What are the prime factors of 6261463?
13, 481651
List the prime factors of 25714.
2, 13, 23, 43
What are the prime factors of 533398?
2, 167, 1597
What are the prime factors of 2490010?
2, 5, 499
List the prime factors of 328393.
13, 25261
List the prime factors of 5359196.
2, 67, 19997
What are the prime factors of 29144?
2, 3643
List the prime factors of 3411993.
3, 13, 89, 983
List the prime factors of 108162.
2, 3, 2003
List the prime factors of 5468853.
3, 13, 140227
List the prime factors of 1725016.
2, 71, 3037
What are the prime factors of 24029542?
2, 1319, 9109
List the prime factors of 1137369.
3, 379123
What are the prime factors of 222634?
2, 111317
List the prime factors of 484804.
2, 19, 6379
What are the prime factors of 50791?
13, 3907
List the prime factors of 42237.
3, 13, 19
List the prime factors of 307697.
13, 23669
List the prime factors of 5405578.
2, 2702789
What are the prime factors of 192157?
7, 97, 283
List the prime factors of 1207094.
2, 7, 151, 571
What are the prime factors of 3562649?
347, 10267
List the prime factors of 1597725.
3, 5, 263
List the prime factors of 4275941.
4275941
List the prime factors of 6508015.
5, 1301603
What are the prime factor